. Suppose a*h + 4 - 3 = -i, -2*h = -3*i + 11. List the prime factors of (5 + 1)/(2/i).
3
Let l = -16 - -16. Suppose l = 4*h - 9*h + 170. List the prime factors of h.
2, 17
Suppose -n - 2*x = n - 36, 4*n + x - 78 = 0. Suppose -6*a + n = -5*a. What are the prime factors of a?
2, 5
Let t = 20 + -9. Suppose -7 = -s + t. What are the prime factors of s?
2, 3
Let f = 22 - 4. Let d be (-150)/(-54) + 4/f. Suppose -d*s + 14 = -s. List the prime factors of s.
7
Suppose -13 = 2*t - 6*t - y, 0 = t + y - 4. List the prime factors of (t/4)/((-1)/(-4)).
3
Let t(s) = 2*s - 13. Let u = -21 - -31. List the prime factors of t(u).
7
Let d(q) = -2*q - 6. Let y be d(-4). Let v be (y - 1) + (7 - 3). Suppose 0 = 2*m + v*a - 2, -106 = -5*m + 2*a - 43. What are the prime factors of m?
11
Suppose -15 = -w + 4*w, -2*v - 4*w = 8. Let t be (0 - 1)/((-2)/v). Suppose 10 = t*k + q - 9, -5*k = -5*q - 45. List the prime factors of k.
7
Let f = 77 - 63. Suppose 3*u - 4*l - 7 = -5*l, -4*l = -2*u. Let r = f - u. List the prime factors of r.
2, 3
Let b be 2/9 + (-320)/(-18). Let d = b + -7. Suppose 2*k = 23 + d. List the prime factors of k.
17
Let v be ((-11)/4)/(1/(-12)). Suppose -3*g + v = -3*o, 4*g - 3*o - 26 = 2*g. What are the prime factors of g?
7
Let g be (-16)/(-6)*(-3)/2. Let t = g - -6. Suppose -10 = -t*q, 0 = -2*x - 0*q + q + 11. List the prime factors of x.
2
Let l(u) = u**3 - 5*u**2 - u - 7. Let s be l(5). What are the prime factors of (-2 + s/(-9))*-18?
2, 3
Let r(b) = -b**3 - 8*b**2 - 8*b - 5. Let i be r(-7). Let f(m) = -4 - 6*m - m**i + 1 + 3*m**2. What are the prime factors of f(5)?
17
Suppose -5*d - 25 = 0, 0 = -4*x - 2*d + 29 + 17. Let i = 22 - x. List the prime factors of (2/4)/(1/i).
2
Suppose 0 = -6*c + 2644 - 958. List the prime factors of c.
281
Suppose 0 = -0*w - w + 4. Suppose -20 + w = -4*s. What are the prime factors of s?
2
Let h(d) = 15*d**2 + 4*d - 4. Let t be h(4). What are the prime factors of 3/(-4) + t/16?
3, 5
Let l(h) = 2*h**2 + h + 1. Let n = -9 - -8. Let b be l(n). Suppose 0 = -3*w + 2*w + b. List the prime factors of w.
2
Let h(z) = 14*z - 44. List the prime factors of h(15).
2, 83
Let u(z) be the third derivative of -z**6/120 + z**5/10 + z**4/6 - z**3/6 + 3*z**2. What are the prime factors of u(6)?
23
Suppose 5*w + 0*w - 240 = 0. Suppose -r + w = 2*r. What are the prime factors of r?
2
Suppose -2 = -2*r + 2. Suppose -16 = r*g - 4*g. List the prime factors of g.
2
Let x(z) = z - z**3 + 2*z - 9*z + 6*z**2 + 7. What are the prime factors of x(5)?
2
Let q(c) = -c - 1. Let n(j) = -2*j**2 - 3*j - 2. Let g(l) = -2*n(l) + 4*q(l). Let v be 3/(-6) + 9/(-6). What are the prime factors of g(v)?
2, 3
Suppose -1 + 0 = -l. Suppose -6 = 2*k, 3*p - l - 38 = k. List the prime factors of p.
2, 3
Let y(u) = u**2 + u - 4. Let i be y(4). Suppose a = -a + i. What are the prime factors of a?
2
Let n(r) be the third derivative of -5*r**4/12 - 5*r**3/2 - 2*r**2. Let g(j) = -29*j - 44. Let h(f) = 6*g(f) - 17*n(f). What are the prime factors of h(-6)?
3, 5
Suppose 0 = -6*t + 6 - 60. Let v(k) = -k**3 - 10*k**2 - 11*k + 2. List the prime factors of v(t).
2, 5
Let p(y) = -5*y + 1. What are the prime factors of p(-6)?
31
Let b = -1 + -5. Let n = b + 18. What are the prime factors of n?
2, 3
Let q(i) = 3*i**2 + 11*i + 2. Let t(l) = -2*l**2 - 6*l - 1. Let d(b) = -3*q(b) - 5*t(b). Let v be d(2). What are the prime factors of -1 - (-21 - 3/v)?
19
Suppose -4*h = -3*h - 3. Suppose -o + 2*o - h = -2*x, 0 = o + 4*x - 1. What are the prime factors of o?
5
Let u(x) = -42*x - 5. List the prime factors of u(-2).
79
Suppose 97 + 108 = -5*j. Let r = -17 - j. List the prime factors of r.
2, 3
Suppose 0 = -4*r + 5*z + 12, -23 = -5*r - 2*z + 25. Let m = r - 11. List the prime factors of (-1)/(m/(-9)) + 16.
13
Suppose 2*t = 37 + 11. Let a(m) = -m**3 - 3*m**2 + 3*m - 2. Let v be a(-4). Suppose 2*x + q = 6, -3*x = 2*x - v*q - t. What are the prime factors of x?
2
Let r be (-1)/3 - 93/(-9). List the prime factors of (-5)/r*24/(-2).
2, 3
Suppose -b + 3*r = -0*b - 19, 3*b - 117 = -3*r. List the prime factors of b.
2, 17
Suppose -4*f + 5 + 11 = 0. Suppose 0 = 5*r - 51 - f. What are the prime factors of r?
11
List the prime factors of (((-3)/5)/(-1))/(3/645).
3, 43
Suppose -g - 2*i = i - 53, -3*g - 2*i = -159. List the prime factors of g.
53
Suppose 6 = c + 1. Let b(p) = 0*p - c*p - 3 + 2*p. List the prime factors of b(-5).
2, 3
Let t(s) = s**3 + 4*s**2 + 3*s + 1. Let m be t(-2). Suppose -3*x - 248 = -5*k - x, 4*x = m*k - 160. What are the prime factors of k?
2, 3
Let a be (36/27)/((-2)/(-6)). Let g be 10 + 2/(-2) - 1. Let k = g + a. What are the prime factors of k?
2, 3
List the prime factors of (-1530)/(-80)*12 + (-3)/2.
2, 3, 19
Suppose 17 = 4*v - 3*v. Suppose 4*f + 5 = v. List the prime factors of f.
3
Let x(v) = -v**2 - 13*v. Let u be x(-13). Suppose 3*n = 5*p + 9, 23 + u = 4*n - 3*p. What are the prime factors of n?
2
Let j(a) = -3*a + 2. What are the prime factors of j(-2)?
2
Let n = 59 + -44. What are the prime factors of n?
3, 5
Let r be (-4)/(-16) - (-206)/8. What are the prime factors of (-4)/26 - (-212)/r?
2
List the prime factors of (-3)/6 - (-148)/8.
2, 3
Let g be (-3 - -2) + -6 - -1. List the prime factors of g/15 - 104/(-10).
2, 5
Let d(r) = -r**3 + 5*r**2 - 2*r - 4. Let y be d(4). Let x be y/(-6)*9/(-2). Suppose x*a - 40 = -2*a. List the prime factors of a.
2
Let u(w) = w**2 + 5*w - 4. Suppose 0 = -5*d - 3*v + 17, -1 = -2*v + 7. Suppose k = -d - 0, -3 = y - 3*k. List the prime factors of u(y).
2
Suppose 0 = -2*f + 5*f - 15. Suppose -2*t = 4*u - 8, -35 = -2*t - 0*t + f*u. What are the prime factors of t?
2, 5
Let s be -1 + 1*6/3. What are the prime factors of (16 - (2 - s))*1?
3, 5
Suppose -3*q = 2*q. Let w(s) = 0 + 5 + q + 3*s. What are the prime factors of w(4)?
17
Let s be (-1*-3*1)/1. Suppose m - s*m + 4 = 0. What are the prime factors of m?
2
List the prime factors of 2/(-10) - (-1398)/15.
3, 31
Let m(q) = -q**3 + 8*q**2 - 8*q - 2. Let h be m(7). What are the prime factors of -3*1 - (h - 4)?
2, 5
Suppose 26 = -3*x - 4*k, 0 = -4*k - 2 - 6. Let v = x - -32. List the prime factors of v.
2, 13
Suppose -n + u + 2 = 0, 4*n - 7 = -u + 6. Suppose -2*o + 3*d = -n*o - 4, 5*o - 2*d - 48 = 0. What are the prime factors of o?
2
Let t(l) be the third derivative of 29*l**4/24 + 9*l**2. List the prime factors of t(1).
29
Suppose -s = 15 - 45. What are the prime factors of s?
2, 3, 5
Let c = 8 + -5. Suppose 18 + 30 = -c*x. Let j = -7 - x. What are the prime factors of j?
3
Let b = -43 - -61. List the prime factors of b + 0 + 12/(-4).
3, 5
Suppose 20 = -f + 6*f. Let t(s) = 7*s - 7*s + f - 8*s - s**2. What are the prime factors of t(-6)?
2
What are the prime factors of (-1)/((-4)/168) - 0?
2, 3, 7
Suppose l = 7 + 11. What are the prime factors of l?
2, 3
Suppose -n - n = -4. Suppose -5*u - 19 = -j, -4*j + 164 = j - n*u. List the prime factors of j.
2, 17
Let r(j) = j + 13. Let a be r(-9). Suppose -a*m = -0*m - 36. List the prime factors of m.
3
Let u be ((-4)/6)/(2/(-21)). Let r = 42 - u. Suppose 4*z - 2*z - 2*i = -2, -5*z - 3*i + r = 0. List the prime factors of z.
2
Suppose x + 4*i = -206, -i = 3*x - 0*x + 607. What are the prime factors of (-24)/60 + x/(-5)?
2, 5
Let b(k) = -9*k. Let q(s) = -s**2 - 4*s + 4. Let y be q(-5). List the prime factors of b(y).
3
Let p = 317 - 186. List the prime factors of p.
131
Suppose z = -0*z + 2*n + 294, -299 = -z - 3*n. List the prime factors of z.
2, 37
Suppose 2*i + 56 = 12. List the prime factors of -4 + 1 - -6 - i.
5
Suppose 4*j = 4, 5*p = -4*j - 200 + 39. List the prime factors of 46/3*p/(-22).
23
Let a = 0 + 6. Suppose a = -4*z + 2. What are the prime factors of ((-12)/20)/(z/5)?
3
Let z = -112 + 301. What are the prime factors of z?
3, 7
Let u(k) = 0 - 3 - 5*k + k. What are the prime factors of u(-3)?
3
Let z be (4/(-3))/(6/(-18)). Let o = z + -2. List the prime factors of -1 - (-2 + o) - -4.
3
Suppose 2*w = 6*w - 164. List the prime factors of w.
41
What are the prime factors of (-6)/(-12) + (-1)/(-2) - -8?
3
Suppose 0 = 4*p - 9*p - 255. What are the prime factors of p/(-12) - 3/(-4)?
5
Suppose 2*v + 3*v - 20 = 0. Suppose -5*i + 3*f + 12 + 34 = 0, i - 23 = -v*f. List the prime factors of i.
11
Let f(r) = r**3 + 7*r**2 + 5*r + 9. Let m be f(-6). S